*-36. What is the highest common factor of g and 6?
6
Suppose 3627*q - 3629*q = -26. What is the greatest common divisor of q and 2353?
13
Let t(g) = -10*g + 44. Let n be t(4). Suppose 5*d - 24 = -n. Let l be (423/12 - (-3)/d) + 4. Calculate the highest common factor of l and 60.
20
Let n be (-4 + (-15)/(-6))*(3 - 1). Let q be -5*((n - 2) + -2). Suppose -2*y - y = -21. Calculate the greatest common factor of y and q.
7
Suppose 2529298 - 530738 = 40*i. Suppose -6764 = 45*c - i. What is the highest common factor of 60 and c?
60
Let o(y) = -4*y**3 + 203*y**2 + 256*y + 233. Let v be o(52). What is the greatest common factor of v and 1350?
25
Let i = 122 - 115. Suppose 4*l - 180 = -5*p + 384, 0 = 2*p + 5*l - 229. Calculate the greatest common factor of i and p.
7
Let d be ((-24)/9 + 2)/(2/(-6)). Suppose 0 = -3*w + 12, 0 = -0*v + v - w - 1. Suppose -v = -96*k + 95*k. What is the highest common divisor of k and d?
1
Let x(s) = 22*s**2 - 80*s + 2. Let q be x(4). Calculate the highest common divisor of q and 238.
34
Let b(q) = 2*q**2 + 6*q + 6. Let j be b(-8). Suppose 10*n - 3*x - 851 = 6*n, -2*n - 5*x = -445. What is the greatest common factor of j and n?
43
Let t = 285 - 161. Suppose -t - 76 = 2*v. Let w be -2*(-21)/(-5)*v/15. What is the greatest common factor of 7 and w?
7
Let t = 7078 - 6630. Calculate the highest common divisor of 1008 and t.
112
Suppose -8*c = -24878 - 3794. Calculate the highest common divisor of c and 84.
28
Let u(y) = y**2 - 9*y - 74. Let b be u(31). What is the greatest common factor of b and 57?
19
Suppose 25 = -5*o, 4*o + 310 = -27*z + 29*z. What is the highest common divisor of 25 and z?
5
Let m = 11086 - 10888. What is the highest common factor of 90 and m?
18
Let a = -13475 - -13928. Calculate the greatest common divisor of 5738 and a.
151
Suppose v - 4*m = 36, 817*m - 820*m + 28 = 2*v. Calculate the greatest common divisor of 235 and v.
5
Let i = 118 + -117. Let o be i - 1 - (-400)/80. Let r be 6 + 1 + (-6)/3. Calculate the highest common divisor of o and r.
5
Let n be 15 + -2 + 4/8*6. Let j = -6680 + 6752. What is the highest common factor of j and n?
8
Suppose 29*m - 30*m - r + 267 = 0, 996 = 4*m - 4*r. Calculate the greatest common factor of m and 8428.
86
Let f = -278 - -281. Suppose -d - 869 = -4*m, 3*d + 18 - f = 0. What is the highest common divisor of 27 and m?
27
Let s = -226 - -228. Suppose 0 = -5*x - 4*u + 2037, 0*x - s*x + u + 807 = 0. Calculate the highest common divisor of 15 and x.
15
Let v = -122 - -151. Let p = -140 - -372. Calculate the highest common factor of p and v.
29
Let t be 79 - (12 - (27 - 30)). Calculate the highest common divisor of 488 and t.
8
Suppose 0 = 5*i - 19 + 4. Suppose o - 9 = h, -i*o + 2*h + 35 = 13. Suppose 0 = -o*d + 12*d - 32. What is the highest common factor of 44 and d?
4
Let z(r) = 10*r - 144. Let t be z(10). Suppose -u = 3*p - 5, 0 = 5*u + 5. Let y be 3*(0 + p)/((-24)/t). What is the greatest common divisor of 55 and y?
11
Let x(g) = g**2 - 8*g + 20. Let h be x(5). Suppose 20 = h*i - 0. Suppose 3*m = 5*p + 85, 8 = i*p - 8. Calculate the highest common factor of m and 385.
35
Let a be ((-330)/12)/((-25)/20). Suppose 0 = -60*w + 338 + a. What is the greatest common divisor of w and 30?
6
Let t = 43 - -121. Suppose 6*a - t - 16 = 0. Suppose 3*m - a = -0*m. What is the highest common divisor of 5 and m?
5
Let b be (21 - 1)/((-4)/(-18)). Let z(y) = y**2 - 40*y - 93. Let t be z(43). What is the highest common divisor of t and b?
18
Let f(w) = 2*w**2 + 7*w + 17. Let i be f(-4). Suppose 8*n + i*n - 1508 = 0. Let z = -4 + 17. Calculate the highest common divisor of z and n.
13
Let x be 5*-6 + (-869 - -1003). Let j = 18 - 5. Calculate the greatest common factor of j and x.
13
Suppose 463 + 332 = 3*b. Let v = b - 159. What is the greatest common divisor of v and 159?
53
Let g(z) = 171*z**2 + 82*z + 225. Let s be g(-3). Calculate the greatest common divisor of s and 264.
66
Let x be -6 + (-1)/((-6)/36). Suppose -5*a - 2*d + 241 = x, -2*d = -3 + 7. Calculate the highest common factor of a and 7.
7
Let g = 109326 - 108768. Let s be (0 + -1)/((-1)/18). Calculate the greatest common divisor of s and g.
18
Let j = -4381 - -7150. What is the highest common factor of j and 39?
39
Let i be (6/8 - -4)/((-2)/(-8)). Suppose -7*a = -i - 37. Let f(r) = -6*r**3 + 2*r**2. Let w be f(-2). Calculate the greatest common factor of w and a.
8
Let f(w) = -10*w + 1676. Let s be f(0). Suppose s*i = 1678*i - 570. Calculate the greatest common factor of 114 and i.
57
Suppose 35 - 17 = 6*v. Suppose 4*r + 425 = 3*c, -4*c = r + v*r + 460. Let o = r + 126. Calculate the highest common divisor of o and 112.
16
Suppose 248 = 11*n + 314. Let m(s) = 0*s**2 + 8*s - 5*s**2 - 2*s**3 + 0*s - 6. Let g be m(n). Calculate the highest common factor of g and 18.
18
Let b = -372 - -368. Let z(u) = -u**3 + 2*u**2 + u - 4. Let k be z(b). Calculate the greatest common factor of k and 55.
11
Suppose 2*x - 1564*t - 306 = -1567*t, -546 = -4*x + 5*t. Suppose 0 = 10*r - 15*r + 80. What is the highest common divisor of x and r?
16
Suppose -3*c + l + 28 = 0, -10*c + 24 = -7*c + 3*l. Suppose 0 = 5*b + 3*n - 177, 7*b = c*b - 4*n - 76. Calculate the highest common factor of 60 and b.
12
Let k(s) = s**3 - 12*s**2 - 3*s - 13. Let g be k(13). Suppose 0 = -3*p + 159 + g. Calculate the highest common factor of 69 and p.
23
Let t = 8292 - 6959. Calculate the greatest common divisor of t and 258.
43
Let u = 148 + -133. Suppose -4*m - 28 = -2*g, -3*g + 32 = -m - 0*m. Let t be (-12)/(-2)*1*g. What is the greatest common factor of t and u?
15
Suppose 3*i = -5*f + 134 + 431, -f = -3*i + 571. Calculate the highest common factor of i and 95.
95
Suppose 2*u + 2 = -2, 0 = 4*m + u - 302. Let c be ((-76)/3)/((-572)/2145). What is the greatest common factor of c and m?
19
Suppose -5*p = 3*o - 43, -o + 6*p = 8*p - 14. Calculate the greatest common factor of o and 1912.
8
Let m(c) = 32*c**2 + 15*c - 14. Let u(r) = 17*r**2 + 7*r - 6. Let l(i) = -2*m(i) + 5*u(i). Let p be l(-2). What is the greatest common divisor of 120 and p?
24
Let y(t) = 39*t**2. Let g be y(1). Let c be (((-3)/2)/(1/468))/(-2). Calculate the highest common factor of c and g.
39
Let f = 95 - 89. Suppose 0 = -2*s + 2*w + 46, 5*s = f*s + 2*w - 26. Let p(z) = 12*z**2. Let j be p(1). What is the greatest common factor of j and s?
12
Let m(z) = 184*z + 86. Let r be m(6). What is the greatest common divisor of r and 765?
85
Suppose -12*g = -17*g. Suppose -2*l + 2 + 18 = g. What is the highest common factor of 135 and l?
5
Suppose 40 = k + 33, -h + 4*k = -1762. What is the highest common factor of 50 and h?
10
Let v be (-2)/(-5)*20/2. Let h be 37/370 - 38/(-20). Let i be (-31 - -33)*h/4. Calculate the highest common divisor of v and i.
1
Let a = -43 - 82. Let m = -85 - a. Let c be 56/420 - (-596)/30. Calculate the highest common factor of c and m.
20
Suppose s + 138*h - 142*h - 15 = 0, -5*s + 2*h = -111. Calculate the highest common divisor of 2461 and s.
23
Let d be (-1 - -5 - -304) + -2. Let k(c) = -c**3 + c**2 - 27*c - 134. Let i be k(-4). What is the highest common factor of d and i?
18
Suppose -15*h - 12 = 3. Let x be (490/(-3))/((6 + h)/(-15)). What is the greatest common divisor of x and 10?
10
Let f be (-10 + -524 + -8)*(3 + 394/(-4)). Calculate the greatest common divisor of 271 and f.
271
Suppose 4*k + 5*x = -13 + 8, -k + 20 = -3*x. What is the greatest common divisor of k and 3455?
5
Let m(v) = v**2 + 23*v - 60. Let q be m(-32). Let w = q - 221. Calculate the highest common divisor of 189 and w.
7
Let k(q) = -83*q + 2192. Let v be k(24). What is the greatest common factor of v and 475?
25
Suppose -3*h = -5*w - 45, -h + w = 2*h - 33. Let f(l) = -3*l**3 - 10*l**2 - 103*l - 399. Let u be f(-4). Calculate the greatest common factor of h and u.
5
Suppose -p = -2*y + 326, 3*p = -2*y - 150 + 492. What is the greatest common divisor of y and 550?
55
Let n(s) = 23*s**2 + 47*s - 21. Let j(a) = -a**3 - a**2 - 2*a + 1. Let b(c) = j(c) - n(c). Let m be b(-22). Calculate the highest common divisor of 11 and m.
11
Suppose 5*s = 15, 5*q + 0*s + 7 = 4*s. Let k be 99*q - (-12 - -13). What is the highest common factor of k and 14?
14
Suppose -3*m + 15 = -6. Let y = m + 16. Let z = -604697 + 604789. C